ommon divisor of 279 and 124.
31
Calculate the greatest common divisor of 188 and 141.
47
What is the greatest common factor of 345 and 10?
5
Calculate the highest common divisor of 130 and 78.
26
What is the highest common factor of 136 and 8?
8
What is the highest common divisor of 728 and 1183?
91
What is the highest common divisor of 440 and 165?
55
What is the greatest common divisor of 1711 and 29?
29
Calculate the greatest common factor of 870 and 30.
30
What is the greatest common divisor of 3 and 669?
3
What is the highest common factor of 1682 and 58?
58
Calculate the greatest common factor of 12 and 108.
12
What is the highest common divisor of 18 and 1674?
18
What is the highest common factor of 992 and 112?
16
What is the highest common factor of 2 and 380?
2
What is the greatest common divisor of 6 and 9822?
6
Calculate the greatest common factor of 12 and 126.
6
What is the greatest common divisor of 158 and 9638?
158
What is the highest common factor of 2635 and 1955?
85
Calculate the greatest common divisor of 476 and 148.
4
Calculate the highest common divisor of 45 and 8.
1
Calculate the highest common factor of 13 and 3.
1
What is the highest common factor of 100 and 10450?
50
What is the greatest common divisor of 36 and 279?
9
Calculate the highest common divisor of 6 and 327.
3
Calculate the highest common factor of 6 and 303.
3
Calculate the highest common factor of 340 and 820.
20
Calculate the greatest common divisor of 3 and 13.
1
What is the highest common divisor of 345 and 15?
15
What is the greatest common divisor of 5473 and 208?
13
What is the highest common divisor of 762 and 9?
3
What is the greatest common divisor of 6731 and 127?
127
Calculate the greatest common divisor of 478 and 9321.
239
What is the greatest common factor of 704 and 1584?
176
What is the highest common divisor of 19917 and 9?
9
What is the highest common divisor of 170 and 238?
34
What is the highest common factor of 168 and 154?
14
Calculate the highest common divisor of 2925 and 325.
325
What is the highest common factor of 80 and 4160?
80
Calculate the greatest common divisor of 7101 and 27.
27
Calculate the greatest common factor of 11 and 902.
11
Calculate the highest common divisor of 7 and 427.
7
What is the greatest common factor of 382 and 3?
1
Calculate the greatest common divisor of 220 and 88.
44
What is the greatest common divisor of 26 and 1469?
13
What is the greatest common divisor of 58 and 261?
29
What is the highest common factor of 68 and 52?
4
What is the highest common divisor of 508 and 381?
127
Calculate the highest common divisor of 34 and 7769.
17
What is the highest common divisor of 2 and 56?
2
Calculate the greatest common divisor of 50 and 2425.
25
Calculate the greatest common divisor of 80 and 304.
16
What is the greatest common factor of 360 and 15?
15
What is the highest common factor of 238 and 28?
14
What is the greatest common divisor of 12 and 2004?
12
What is the greatest common divisor of 87 and 1537?
29
What is the highest common divisor of 168 and 2436?
84
What is the highest common divisor of 336 and 96?
48
Calculate the greatest common factor of 112 and 14.
14
Calculate the greatest common divisor of 38 and 2.
2
What is the greatest common factor of 180 and 576?
36
Calculate the greatest common divisor of 110 and 40.
10
What is the highest common divisor of 60371 and 73?
73
Calculate the greatest common factor of 4 and 262.
2
What is the highest common factor of 1773 and 9?
9
What is the highest common factor of 216 and 29592?
216
Calculate the greatest common factor of 18 and 96.
6
What is the greatest common factor of 6591 and 312?
39
What is the greatest common factor of 303 and 60?
3
Calculate the greatest common divisor of 80 and 140.
20
What is the highest common factor of 231 and 66?
33
What is the greatest common divisor of 72 and 2664?
72
What is the highest common divisor of 8 and 23416?
8
Calculate the greatest common divisor of 475 and 2888.
19
Calculate the highest common factor of 1805 and 15.
5
What is the highest common divisor of 153 and 1139?
17
Calculate the highest common factor of 1590 and 75.
15
What is the highest common divisor of 48 and 16?
16
Calculate the greatest common factor of 688 and 16.
16
Calculate the greatest common divisor of 874 and 38.
38
What is the greatest common factor of 4 and 3964?
4
What is the highest common factor of 2550 and 170?
170
Calculate the highest common factor of 1380 and 132.
12
Calculate the greatest common divisor of 3186 and 243.
27
What is the greatest common divisor of 120 and 2715?
15
What is the highest common divisor of 40 and 220?
20
Calculate the greatest common divisor of 63 and 252.
63
What is the highest common factor of 67 and 7303?
67
Calculate the highest common divisor of 7172 and 88.
44
Calculate the highest common divisor of 1424 and 16.
16
Calculate the greatest common divisor of 25392 and 48.
48
What is the highest common factor of 522 and 99?
9
What is the highest common divisor of 16 and 48?
16
What is the greatest common factor of 12 and 22?
2
Calculate the greatest common divisor of 43 and 2150.
43
Calculate the highest common divisor of 280 and 9870.
70
Calculate the greatest common divisor of 237 and 5767.
79
What is the greatest common factor of 177 and 9?
3
Calculate the greatest common factor of 184 and 35144.
184
Calculate the highest common factor of 22 and 178.
2
What is the highest common divisor of 1968 and 48?
48
What is the greatest common divisor of 500 and 20?
20
Calculate the highest common factor of 232 and 58.
58
What is the highest common factor of 124 and 1984?
124
What is the highest common factor of 2270 and 10?
10
What is the greatest common factor of 31 and 5952?
31
What is the greatest common factor of 162 and 78?
6
Calculate the highest common divisor of 1040 and 6656.
208
What is the greatest common factor of 7714 and 3458?
266
What is the highest common divisor of 4579 and 171?
19
What is the highest common factor of 102 and 4726?
34
Calculate the highest common divisor of 42 and 108.
6
Calculate the highest common divisor of 175 and 275.
25
Calculate the greatest common divisor of 2065 and 70.
35
Calculate the greatest common factor of 768 and 1088.
64
Calculate the greatest common factor of 3918 and 6.
6
Calculate the highest common divisor of 798 and 42.
42
What is the greatest common divisor of 26 and 221?
13
What is the greatest common divisor of 74 and 74?
74
What is the highest common divisor of 1243 and 11?
11
Calculate the highest common divisor of 371 and 2385.
53
What is the greatest common divisor of 110 and 1430?
110
Calculate the greatest common divisor of 5681 and 13.
13
What is the highest common factor of 7 and 119?
7
Calculate the highest common divisor of 255 and 102.
51
Calculate the highest common divisor of 24 and 1032.
24
Calculate the greatest common factor of 58 and 10034.
58
What is the greatest common divisor of 567 and 162?
81
What is the highest common factor of 2 and 11294?
2
What is the greatest common factor of 37 and 777?
37
What is the greatest common divisor of 45 and 180?
45
Calculate the greatest common divisor of 21096 and 72.
72
Calculate the greatest common divisor of 588 and 96.
12
What is the greatest common divisor of 13 and 8?
1
What is the greatest common factor of 110 and 30?
10
What is the greatest common divisor of 663 and 78?
39
What is the highest common divisor of 620 and 1984?
124
Calculate the highest common factor of 148 and 74.
74
Calculate the greatest common factor of 175 and 725.
25
Calculate the highest common factor of 32 and 1648.
16
Calculate the greatest common factor of 33 and 121.
11
Calculate the greatest common factor of 60 and 915.
15
What is the highest common divisor of 97 and 7178?
97
Calculate the greatest common factor of 1309 and 198.
11
What is the greatest common factor of 77 and 21?
7
What is the highest common factor of 50 and 160?
10
Calculate the greatest common divisor of 803 and 5402.
73
What is the highest common factor of 210 and 705?
15
Calculate the highest common factor of 30 and 192.
6
What is the highest common divisor of 240 and 5190?
30
Calculate the greatest common divisor of 2394 and 38.
